{"id":7,"date":"2020-04-13T10:03:13","date_gmt":"2020-04-13T10:03:13","guid":{"rendered":"https:\/\/blumentietze.de\/wordpress\/?page_id=7"},"modified":"2025-09-14T08:54:42","modified_gmt":"2025-09-14T08:54:42","slug":"herzliche-willkommen-bei-der-gaertnerei-tietze","status":"publish","type":"page","link":"https:\/\/blumentietze.de\/wordpress\/","title":{"rendered":"Herzliche Willkommen bei der G\u00e4rtnerei Tietze"},"content":{"rendered":"\n<div class=\"wp-block-group alignwide\"><div class=\"wp-block-group__inner-container is-layout-flow wp-block-group-is-layout-flow\">\n<h2 class=\"wp-block-heading has-text-align-center\">Auf dieser Seite erfahren Sie alles rund um die Produktion, Angebote und Neuigkeiten.<\/h2>\n\n\n\n<figure class=\"wp-block-gallery aligncenter has-nested-images columns-default is-cropped wp-block-gallery-1 is-layout-flex wp-block-gallery-is-layout-flex\">\n<figure class=\"wp-block-image size-full is-style-default\"><img loading=\"lazy\" decoding=\"async\" width=\"720\" height=\"540\" data-id=\"429\" src=\"https:\/\/blumentietze.de\/wordpress\/wp-content\/uploads\/2025\/09\/547501126_1728397068113461_5313221146841713179_n-1.jpg\" alt=\"\" class=\"wp-image-429\" srcset=\"https:\/\/blumentietze.de\/wordpress\/wp-content\/uploads\/2025\/09\/547501126_1728397068113461_5313221146841713179_n-1.jpg 720w, https:\/\/blumentietze.de\/wordpress\/wp-content\/uploads\/2025\/09\/547501126_1728397068113461_5313221146841713179_n-1-300x225.jpg 300w\" sizes=\"auto, (max-width: 720px) 100vw, 720px\" \/><\/figure>\n<\/figure>\n\n\n\n<p>K\u00fcrbiszeit! <\/p>\n\n\n\n<p>Little miss Sophie (Rosa), Jack be little (gelb) und Baby Bo (wei\u00df) sind die neuen Helden der Herbstdekoration.<\/p>\n\n\n\n<p>Nicht nur dekorativ, sondern zum Schluss auch essbar. So kann man sich um die Herbstdeko <img loading=\"lazy\" decoding=\"async\" height=\"16\" width=\"16\" src=\"https:\/\/static.xx.fbcdn.net\/images\/emoji.php\/v9\/t86\/1\/16\/1f383.png\" alt=\"\ud83c\udf83\"><img loading=\"lazy\" decoding=\"async\" height=\"16\" width=\"16\" src=\"https:\/\/static.xx.fbcdn.net\/images\/emoji.php\/v9\/t89\/1\/16\/1f342.png\" alt=\"\ud83c\udf42\"><img loading=\"lazy\" decoding=\"async\" height=\"16\" width=\"16\" src=\"https:\/\/static.xx.fbcdn.net\/images\/emoji.php\/v9\/t8\/1\/16\/1f341.png\" alt=\"\ud83c\udf41\"> \u201ek\u00fcmmern\u201c bevor man das Weihnachtszeug herausholt. <img loading=\"lazy\" decoding=\"async\" height=\"16\" width=\"16\" src=\"https:\/\/static.xx.fbcdn.net\/images\/emoji.php\/v9\/t53\/1\/16\/1f605.png\" alt=\"\ud83d\ude05\"><\/p>\n\n\n\n<p><\/p>\n<\/div><\/div>\n\n\n\n<div class=\"wp-block-columns alignwide is-layout-flex wp-container-core-columns-is-layout-9d6595d7 wp-block-columns-is-layout-flex\">\n<div class=\"wp-block-column is-layout-flow wp-block-column-is-layout-flow\">\n<div class=\"wp-block-group\"><div class=\"wp-block-group__inner-container is-layout-flow wp-block-group-is-layout-flow\">\n<h3 class=\"wp-block-heading\"><\/h3>\n\n\n\n<figure class=\"wp-block-image size-large\"><img loading=\"lazy\" decoding=\"async\" width=\"1024\" height=\"682\" src=\"https:\/\/blumentietze.de\/wordpress\/wp-content\/uploads\/2023\/07\/AF_LKEE_Gaertnerei_Tietze_24372-1024x682.jpeg\" alt=\"\" class=\"wp-image-375\" srcset=\"https:\/\/blumentietze.de\/wordpress\/wp-content\/uploads\/2023\/07\/AF_LKEE_Gaertnerei_Tietze_24372-1024x682.jpeg 1024w, https:\/\/blumentietze.de\/wordpress\/wp-content\/uploads\/2023\/07\/AF_LKEE_Gaertnerei_Tietze_24372-300x200.jpeg 300w, https:\/\/blumentietze.de\/wordpress\/wp-content\/uploads\/2023\/07\/AF_LKEE_Gaertnerei_Tietze_24372-768x512.jpeg 768w, https:\/\/blumentietze.de\/wordpress\/wp-content\/uploads\/2023\/07\/AF_LKEE_Gaertnerei_Tietze_24372-1536x1024.jpeg 1536w, https:\/\/blumentietze.de\/wordpress\/wp-content\/uploads\/2023\/07\/AF_LKEE_Gaertnerei_Tietze_24372.jpeg 2000w\" sizes=\"auto, (max-width: 1024px) 100vw, 1024px\" \/><figcaption class=\"wp-element-caption\">G\u00e4rtnerei Tietze, Herzberg, 20.10.2022, Landkreis Elbe-Elster, **Foto: Andreas Franke**<\/figcaption><\/figure>\n\n\n\n<p>Unsere Tomaten bestechen durch ihre leuchtenden Farben, die Vielfalt im Sortiment und vor allem durch ihren hervorragenden Geschmack!<\/p>\n\n\n\n<p>Keine Lust auf 500&nbsp;g je Sorte? Kein Problem! Bei uns k\u00f6nnen sie es richtig bunt treiben! Mischen Sie selbst aus 60 Sorten Tomaten aus eigenem Anbau! Es ist wie am S\u00fc\u00dfigkeitenstand, nur ges\u00fcnder! <\/p>\n<\/div><\/div>\n<\/div>\n\n\n\n<div class=\"wp-block-column is-layout-flow wp-block-column-is-layout-flow\">\n<div class=\"wp-block-group\"><div class=\"wp-block-group__inner-container is-layout-flow wp-block-group-is-layout-flow\">\n<figure class=\"wp-block-image size-large\"><img loading=\"lazy\" decoding=\"async\" width=\"1024\" height=\"682\" src=\"https:\/\/blumentietze.de\/wordpress\/wp-content\/uploads\/2023\/07\/AF_LKEE_Gaertnerei_Tietze_24530-1024x682.jpeg\" alt=\"\" class=\"wp-image-378\" srcset=\"https:\/\/blumentietze.de\/wordpress\/wp-content\/uploads\/2023\/07\/AF_LKEE_Gaertnerei_Tietze_24530-1024x682.jpeg 1024w, https:\/\/blumentietze.de\/wordpress\/wp-content\/uploads\/2023\/07\/AF_LKEE_Gaertnerei_Tietze_24530-300x200.jpeg 300w, https:\/\/blumentietze.de\/wordpress\/wp-content\/uploads\/2023\/07\/AF_LKEE_Gaertnerei_Tietze_24530-768x512.jpeg 768w, https:\/\/blumentietze.de\/wordpress\/wp-content\/uploads\/2023\/07\/AF_LKEE_Gaertnerei_Tietze_24530-1536x1024.jpeg 1536w, https:\/\/blumentietze.de\/wordpress\/wp-content\/uploads\/2023\/07\/AF_LKEE_Gaertnerei_Tietze_24530.jpeg 2000w\" sizes=\"auto, (max-width: 1024px) 100vw, 1024px\" \/><figcaption class=\"wp-element-caption\">G\u00e4rtnerei Tietze, Herzberg, 20.10.2022, Landkreis Elbe-Elster, **Foto: Andreas Franke**<\/figcaption><\/figure>\n<\/div><\/div>\n\n\n\n<p>Immer in Bewegung bleiben, ist unser Motto. So haben wir f\u00fcr uns Mittel und Wege gesucht und gefunden, um unsere k\u00f6stlichen Tomaten das ganze Jahr verf\u00fcgbar zu machen. Auch die n\u00e4chsten Ideen sind schon in Produktion und werden euch in den kommenden Monaten vorgestellt. Seid gespannt!<\/p>\n<\/div>\n<\/div>\n\n\n\n<div class=\"wp-block-group alignwide\"><div class=\"wp-block-group__inner-container is-layout-constrained wp-block-group-is-layout-constrained\">\n<figure class=\"wp-block-gallery alignright has-nested-images columns-default is-cropped wp-block-gallery-2 is-layout-flex wp-block-gallery-is-layout-flex\">\n<figure class=\"wp-block-image size-large\"><a href=\"https:\/\/blumentietze.de\/wordpress\/wp-content\/uploads\/2025\/04\/Tomaten-25-3.pdf\"><img loading=\"lazy\" decoding=\"async\" width=\"576\" height=\"1024\" data-id=\"419\" src=\"https:\/\/blumentietze.de\/wordpress\/wp-content\/uploads\/2025\/04\/Bild-Tomatenliste-2025-576x1024.png\" alt=\"\" class=\"wp-image-419\" srcset=\"https:\/\/blumentietze.de\/wordpress\/wp-content\/uploads\/2025\/04\/Bild-Tomatenliste-2025-576x1024.png 576w, https:\/\/blumentietze.de\/wordpress\/wp-content\/uploads\/2025\/04\/Bild-Tomatenliste-2025-169x300.png 169w, https:\/\/blumentietze.de\/wordpress\/wp-content\/uploads\/2025\/04\/Bild-Tomatenliste-2025-768x1365.png 768w, https:\/\/blumentietze.de\/wordpress\/wp-content\/uploads\/2025\/04\/Bild-Tomatenliste-2025-864x1536.png 864w, https:\/\/blumentietze.de\/wordpress\/wp-content\/uploads\/2025\/04\/Bild-Tomatenliste-2025.png 900w\" sizes=\"auto, (max-width: 576px) 100vw, 576px\" \/><\/a><figcaption class=\"wp-element-caption\">Klicken sie ienfach auf die Tomaten um zu unsere aktuelle Tomatenliste zu kommen.<\/figcaption><\/figure>\n<\/figure>\n\n\n\n<figure class=\"wp-block-image size-full is-resized\"><img loading=\"lazy\" decoding=\"async\" width=\"767\" height=\"960\" src=\"https:\/\/blumentietze.de\/wordpress\/wp-content\/uploads\/2025\/03\/481057591_1564323594520810_3927444819910456959_n.jpg\" alt=\"\" class=\"wp-image-402\" style=\"width:389px;height:auto\" srcset=\"https:\/\/blumentietze.de\/wordpress\/wp-content\/uploads\/2025\/03\/481057591_1564323594520810_3927444819910456959_n.jpg 767w, https:\/\/blumentietze.de\/wordpress\/wp-content\/uploads\/2025\/03\/481057591_1564323594520810_3927444819910456959_n-240x300.jpg 240w\" sizes=\"auto, (max-width: 767px) 100vw, 767px\" \/><\/figure>\n<\/div><\/div>\n","protected":false},"excerpt":{"rendered":"<p>Auf dieser Seite erfahren Sie alles rund um die Produktion, Angebote und Neuigkeiten. K\u00fcrbiszeit! Little miss Sophie (Rosa), Jack be little (gelb) und Baby Bo [&hellip;]<\/p>\n","protected":false},"author":1,"featured_media":0,"parent":0,"menu_order":0,"comment_status":"closed","ping_status":"closed","template":"","meta":{"footnotes":""},"class_list":["post-7","page","type-page","status-publish","hentry"],"yoast_head":"<!-- This site is optimized with the Yoast SEO plugin v27.5 - https:\/\/yoast.com\/product\/yoast-seo-wordpress\/ -->\n<title>Herzliche Willkommen bei der G\u00e4rtnerei Tietze - Blumen Tietze<\/title>\n<meta name=\"robots\" content=\"index, follow, max-snippet:-1, max-image-preview:large, max-video-preview:-1\" \/>\n<link rel=\"canonical\" href=\"https:\/\/blumentietze.de\/wordpress\/\" \/>\n<meta property=\"og:locale\" content=\"de_DE\" \/>\n<meta property=\"og:type\" content=\"article\" \/>\n<meta property=\"og:title\" content=\"Herzliche Willkommen bei der G\u00e4rtnerei Tietze - Blumen Tietze\" \/>\n<meta property=\"og:description\" content=\"Auf dieser Seite erfahren Sie alles rund um die Produktion, Angebote und Neuigkeiten. K\u00fcrbiszeit! Little miss Sophie (Rosa), Jack be little (gelb) und Baby Bo [&hellip;]\" \/>\n<meta property=\"og:url\" content=\"https:\/\/blumentietze.de\/wordpress\/\" \/>\n<meta property=\"og:site_name\" content=\"Blumen Tietze\" \/>\n<meta property=\"article:modified_time\" content=\"2025-09-14T08:54:42+00:00\" \/>\n<meta property=\"og:image\" content=\"https:\/\/blumentietze.de\/wordpress\/wp-content\/uploads\/2025\/09\/547501126_1728397068113461_5313221146841713179_n-1.jpg\" \/>\n\t<meta property=\"og:image:width\" content=\"720\" \/>\n\t<meta property=\"og:image:height\" content=\"540\" \/>\n\t<meta property=\"og:image:type\" content=\"image\/jpeg\" \/>\n<meta name=\"twitter:card\" content=\"summary_large_image\" \/>\n<meta name=\"twitter:label1\" content=\"Gesch\u00e4tzte Lesezeit\" \/>\n\t<meta name=\"twitter:data1\" content=\"3\u00a0Minuten\" \/>\n<script type=\"application\/ld+json\" class=\"yoast-schema-graph\">{\"@context\":\"https:\\\/\\\/schema.org\",\"@graph\":[{\"@type\":\"WebPage\",\"@id\":\"https:\\\/\\\/blumentietze.de\\\/wordpress\\\/\",\"url\":\"https:\\\/\\\/blumentietze.de\\\/wordpress\\\/\",\"name\":\"Herzliche Willkommen bei der G\u00e4rtnerei Tietze - Blumen Tietze\",\"isPartOf\":{\"@id\":\"https:\\\/\\\/blumentietze.de\\\/wordpress\\\/#website\"},\"primaryImageOfPage\":{\"@id\":\"https:\\\/\\\/blumentietze.de\\\/wordpress\\\/#primaryimage\"},\"image\":{\"@id\":\"https:\\\/\\\/blumentietze.de\\\/wordpress\\\/#primaryimage\"},\"thumbnailUrl\":\"https:\\\/\\\/blumentietze.de\\\/wordpress\\\/wp-content\\\/uploads\\\/2025\\\/09\\\/547501126_1728397068113461_5313221146841713179_n-1.jpg\",\"datePublished\":\"2020-04-13T10:03:13+00:00\",\"dateModified\":\"2025-09-14T08:54:42+00:00\",\"breadcrumb\":{\"@id\":\"https:\\\/\\\/blumentietze.de\\\/wordpress\\\/#breadcrumb\"},\"inLanguage\":\"de\",\"potentialAction\":[{\"@type\":\"ReadAction\",\"target\":[\"https:\\\/\\\/blumentietze.de\\\/wordpress\\\/\"]}]},{\"@type\":\"ImageObject\",\"inLanguage\":\"de\",\"@id\":\"https:\\\/\\\/blumentietze.de\\\/wordpress\\\/#primaryimage\",\"url\":\"https:\\\/\\\/blumentietze.de\\\/wordpress\\\/wp-content\\\/uploads\\\/2025\\\/09\\\/547501126_1728397068113461_5313221146841713179_n-1.jpg\",\"contentUrl\":\"https:\\\/\\\/blumentietze.de\\\/wordpress\\\/wp-content\\\/uploads\\\/2025\\\/09\\\/547501126_1728397068113461_5313221146841713179_n-1.jpg\",\"width\":720,\"height\":540},{\"@type\":\"BreadcrumbList\",\"@id\":\"https:\\\/\\\/blumentietze.de\\\/wordpress\\\/#breadcrumb\",\"itemListElement\":[{\"@type\":\"ListItem\",\"position\":1,\"name\":\"Home\",\"item\":\"https:\\\/\\\/blumentietze.de\\\/wordpress\\\/\"},{\"@type\":\"ListItem\",\"position\":2,\"name\":\"Herzliche Willkommen bei der G\u00e4rtnerei Tietze\"}]},{\"@type\":\"WebSite\",\"@id\":\"https:\\\/\\\/blumentietze.de\\\/wordpress\\\/#website\",\"url\":\"https:\\\/\\\/blumentietze.de\\\/wordpress\\\/\",\"name\":\"Blumen Tietze\",\"description\":\"Die Tomaten Experten.\",\"potentialAction\":[{\"@type\":\"SearchAction\",\"target\":{\"@type\":\"EntryPoint\",\"urlTemplate\":\"https:\\\/\\\/blumentietze.de\\\/wordpress\\\/?s={search_term_string}\"},\"query-input\":{\"@type\":\"PropertyValueSpecification\",\"valueRequired\":true,\"valueName\":\"search_term_string\"}}],\"inLanguage\":\"de\"}]}<\/script>\n<!-- \/ Yoast SEO plugin. -->","yoast_head_json":{"title":"Herzliche Willkommen bei der G\u00e4rtnerei Tietze - Blumen Tietze","robots":{"index":"index","follow":"follow","max-snippet":"max-snippet:-1","max-image-preview":"max-image-preview:large","max-video-preview":"max-video-preview:-1"},"canonical":"https:\/\/blumentietze.de\/wordpress\/","og_locale":"de_DE","og_type":"article","og_title":"Herzliche Willkommen bei der G\u00e4rtnerei Tietze - Blumen Tietze","og_description":"Auf dieser Seite erfahren Sie alles rund um die Produktion, Angebote und Neuigkeiten. K\u00fcrbiszeit! Little miss Sophie (Rosa), Jack be little (gelb) und Baby Bo [&hellip;]","og_url":"https:\/\/blumentietze.de\/wordpress\/","og_site_name":"Blumen Tietze","article_modified_time":"2025-09-14T08:54:42+00:00","og_image":[{"width":720,"height":540,"url":"https:\/\/blumentietze.de\/wordpress\/wp-content\/uploads\/2025\/09\/547501126_1728397068113461_5313221146841713179_n-1.jpg","type":"image\/jpeg"}],"twitter_card":"summary_large_image","twitter_misc":{"Gesch\u00e4tzte Lesezeit":"3\u00a0Minuten"},"schema":{"@context":"https:\/\/schema.org","@graph":[{"@type":"WebPage","@id":"https:\/\/blumentietze.de\/wordpress\/","url":"https:\/\/blumentietze.de\/wordpress\/","name":"Herzliche Willkommen bei der G\u00e4rtnerei Tietze - Blumen Tietze","isPartOf":{"@id":"https:\/\/blumentietze.de\/wordpress\/#website"},"primaryImageOfPage":{"@id":"https:\/\/blumentietze.de\/wordpress\/#primaryimage"},"image":{"@id":"https:\/\/blumentietze.de\/wordpress\/#primaryimage"},"thumbnailUrl":"https:\/\/blumentietze.de\/wordpress\/wp-content\/uploads\/2025\/09\/547501126_1728397068113461_5313221146841713179_n-1.jpg","datePublished":"2020-04-13T10:03:13+00:00","dateModified":"2025-09-14T08:54:42+00:00","breadcrumb":{"@id":"https:\/\/blumentietze.de\/wordpress\/#breadcrumb"},"inLanguage":"de","potentialAction":[{"@type":"ReadAction","target":["https:\/\/blumentietze.de\/wordpress\/"]}]},{"@type":"ImageObject","inLanguage":"de","@id":"https:\/\/blumentietze.de\/wordpress\/#primaryimage","url":"https:\/\/blumentietze.de\/wordpress\/wp-content\/uploads\/2025\/09\/547501126_1728397068113461_5313221146841713179_n-1.jpg","contentUrl":"https:\/\/blumentietze.de\/wordpress\/wp-content\/uploads\/2025\/09\/547501126_1728397068113461_5313221146841713179_n-1.jpg","width":720,"height":540},{"@type":"BreadcrumbList","@id":"https:\/\/blumentietze.de\/wordpress\/#breadcrumb","itemListElement":[{"@type":"ListItem","position":1,"name":"Home","item":"https:\/\/blumentietze.de\/wordpress\/"},{"@type":"ListItem","position":2,"name":"Herzliche Willkommen bei der G\u00e4rtnerei Tietze"}]},{"@type":"WebSite","@id":"https:\/\/blumentietze.de\/wordpress\/#website","url":"https:\/\/blumentietze.de\/wordpress\/","name":"Blumen Tietze","description":"Die Tomaten Experten.","potentialAction":[{"@type":"SearchAction","target":{"@type":"EntryPoint","urlTemplate":"https:\/\/blumentietze.de\/wordpress\/?s={search_term_string}"},"query-input":{"@type":"PropertyValueSpecification","valueRequired":true,"valueName":"search_term_string"}}],"inLanguage":"de"}]}},"jetpack_sharing_enabled":true,"_links":{"self":[{"href":"https:\/\/blumentietze.de\/wordpress\/index.php\/wp-json\/wp\/v2\/pages\/7","targetHints":{"allow":["GET"]}}],"collection":[{"href":"https:\/\/blumentietze.de\/wordpress\/index.php\/wp-json\/wp\/v2\/pages"}],"about":[{"href":"https:\/\/blumentietze.de\/wordpress\/index.php\/wp-json\/wp\/v2\/types\/page"}],"author":[{"embeddable":true,"href":"https:\/\/blumentietze.de\/wordpress\/index.php\/wp-json\/wp\/v2\/users\/1"}],"replies":[{"embeddable":true,"href":"https:\/\/blumentietze.de\/wordpress\/index.php\/wp-json\/wp\/v2\/comments?post=7"}],"version-history":[{"count":46,"href":"https:\/\/blumentietze.de\/wordpress\/index.php\/wp-json\/wp\/v2\/pages\/7\/revisions"}],"predecessor-version":[{"id":431,"href":"https:\/\/blumentietze.de\/wordpress\/index.php\/wp-json\/wp\/v2\/pages\/7\/revisions\/431"}],"wp:attachment":[{"href":"https:\/\/blumentietze.de\/wordpress\/index.php\/wp-json\/wp\/v2\/media?parent=7"}],"curies":[{"name":"wp","href":"https:\/\/api.w.org\/{rel}","templated":true}]}}